4.193.103.12 - - [19/May/2026:15:37:21 +0330] "GET /ioxi-o.php HTTP/1.1" 404 796 "-" "Mozilla/5.0 (Windows NT 10.0; Win64; x64) AppleWebKit/537.36 (KHTML, like Gecko) Chrome/120.0.0.0 Safari/537.36"
4.193.103.12 - - [19/May/2026:15:37:21 +0330] "GET /function/function.php HTTP/1.1" 404 796 "-" "Mozilla/5.0 (Windows NT 10.0; Win64; x64) AppleWebKit/537.36 (KHTML, like Gecko) Chrome/120.0.0.0 Safari/537.36"
4.193.103.12 - - [19/May/2026:15:37:21 +0330] "GET /rip.php HTTP/1.1" 404 796 "-" "Mozilla/5.0 (Windows NT 10.0; Win64; x64) AppleWebKit/537.36 (KHTML, like Gecko) Chrome/120.0.0.0 Safari/537.36"
74.7.227.143 - - [19/May/2026:15:37:21 +0330] "GET /x-cp-tQ3G7bAf.php?path=//sys/class/tty/tty6/subsystem/tty62/subsystem/tty5/subsystem/tty1/power HTTP/2" 200 3149 "https://webdesign.khakzad.com/x-cp-tQ3G7bAf.php?path=//sys/class/tty/tty6/subsystem/tty62/subsystem/tty5/subsystem/tty1" "Mozilla/5.0 AppleWebKit/537.36 (KHTML, like Gecko; compatible; GPTBot/1.3; +https://openai.com/gptbot)"
4.193.103.12 - - [19/May/2026:15:37:21 +0330] "GET /admin.php HTTP/1.1" 404 796 "-" "Mozilla/5.0 (Windows NT 10.0; Win64; x64) AppleWebKit/537.36 (KHTML, like Gecko) Chrome/120.0.0.0 Safari/537.36"
4.193.103.12 - - [19/May/2026:15:37:21 +0330] "GET /wp-content/uploads/index.php HTTP/1.1" 404 796 "-" "Mozilla/5.0 (Windows NT 10.0; Win64; x64) AppleWebKit/537.36 (KHTML, like Gecko) Chrome/120.0.0.0 Safari/537.36"
4.193.103.12 - - [19/May/2026:15:37:22 +0330] "GET /cache.php HTTP/1.1" 404 796 "-" "Mozilla/5.0 (Windows NT 10.0; Win64; x64) AppleWebKit/537.36 (KHTML, like Gecko) Chrome/120.0.0.0 Safari/537.36"
4.193.103.12 - - [19/May/2026:15:37:22 +0330] "GET /themes.php HTTP/1.1" 404 796 "-" "Mozilla/5.0 (Windows NT 10.0; Win64; x64) AppleWebKit/537.36 (KHTML, like Gecko) Chrome/120.0.0.0 Safari/537.36"
74.7.227.143 - - [19/May/2026:15:37:22 +0330] "GET /x-cp-tQ3G7bAf.php?path=//sys/class/tty/tty6/subsystem/tty7/subsystem/tty43/subsystem/ttyS2 HTTP/2" 200 3549 "https://webdesign.khakzad.com/x-cp-tQ3G7bAf.php?path=//sys/class/tty/tty6/subsystem/tty7/subsystem/tty43/subsystem" "Mozilla/5.0 AppleWebKit/537.36 (KHTML, like Gecko; compatible; GPTBot/1.3; +https://openai.com/gptbot)"
4.193.103.12 - - [19/May/2026:15:37:22 +0330] "GET /an.php HTTP/1.1" 404 796 "-" "Mozilla/5.0 (Windows NT 10.0; Win64; x64) AppleWebKit/537.36 (KHTML, like Gecko) Chrome/120.0.0.0 Safari/537.36"
4.193.103.12 - - [19/May/2026:15:37:22 +0330] "GET /index/function.php HTTP/1.1" 404 796 "-" "Mozilla/5.0 (Windows NT 10.0; Win64; x64) AppleWebKit/537.36 (KHTML, like Gecko) Chrome/120.0.0.0 Safari/537.36"
4.193.103.12 - - [19/May/2026:15:37:22 +0330] "GET /randkeyword.PhP7 HTTP/1.1" 404 796 "-" "Mozilla/5.0 (Windows NT 10.0; Win64; x64) AppleWebKit/537.36 (KHTML, like Gecko) Chrome/120.0.0.0 Safari/537.36"
4.193.103.12 - - [19/May/2026:15:37:22 +0330] "GET /ws.php HTTP/1.1" 404 796 "-" "Mozilla/5.0 (Windows NT 10.0; Win64; x64) AppleWebKit/537.36 (KHTML, like Gecko) Chrome/120.0.0.0 Safari/537.36"
74.7.227.143 - - [19/May/2026:15:37:22 +0330] "GET /x-cp-tQ3G7bAf.php?path=//sys/class/tty/tty5/subsystem/tty4/subsystem/tty1/subsystem/ttyS16 HTTP/2" 200 3452 "https://webdesign.khakzad.com/x-cp-tQ3G7bAf.php?path=//sys/class/tty/tty5/subsystem/tty4/subsystem/tty1/subsystem" "Mozilla/5.0 AppleWebKit/537.36 (KHTML, like Gecko; compatible; GPTBot/1.3; +https://openai.com/gptbot)"
4.193.103.12 - - [19/May/2026:15:37:23 +0330] "GET /404.php HTTP/1.1" 404 796 "-" "Mozilla/5.0 (Windows NT 10.0; Win64; x64) AppleWebKit/537.36 (KHTML, like Gecko) Chrome/120.0.0.0 Safari/537.36"
4.193.103.12 - - [19/May/2026:15:37:23 +0330] "GET /wp-admin/user.php HTTP/1.1" 404 796 "-" "Mozilla/5.0 (Windows NT 10.0; Win64; x64) AppleWebKit/537.36 (KHTML, like Gecko) Chrome/120.0.0.0 Safari/537.36"
4.193.103.12 - - [19/May/2026:15:37:23 +0330] "GET /wp-conf.php HTTP/1.1" 404 796 "-" "Mozilla/5.0 (Windows NT 10.0; Win64; x64) AppleWebKit/537.36 (KHTML, like Gecko) Chrome/120.0.0.0 Safari/537.36"
4.193.103.12 - - [19/May/2026:15:37:23 +0330] "GET /wp-content/themes/hideo/network.php HTTP/1.1" 404 796 "-" "Mozilla/5.0 (Windows NT 10.0; Win64; x64) AppleWebKit/537.36 (KHTML, like Gecko) Chrome/120.0.0.0 Safari/537.36"
74.7.227.143 - - [19/May/2026:15:37:23 +0330] "GET /x-cp-tQ3G7bAf.php?path=//sys/class/tty/tty5/subsystem/tty34/subsystem/tty/subsystem/ttyS23 HTTP/2" 200 3547 "https://webdesign.khakzad.com/x-cp-tQ3G7bAf.php?path=//sys/class/tty/tty5/subsystem/tty34/subsystem/tty/subsystem" "Mozilla/5.0 AppleWebKit/537.36 (KHTML, like Gecko; compatible; GPTBot/1.3; +https://openai.com/gptbot)"
4.193.103.12 - - [19/May/2026:15:37:23 +0330] "GET /wp-login.php HTTP/1.1" 404 796 "-" "Mozilla/5.0 (Windows NT 10.0; Win64; x64) AppleWebKit/537.36 (KHTML, like Gecko) Chrome/120.0.0.0 Safari/537.36"
4.193.103.12 - - [19/May/2026:15:37:24 +0330] "GET /abc.php HTTP/1.1" 404 796 "-" "Mozilla/5.0 (Windows NT 10.0; Win64; x64) AppleWebKit/537.36 (KHTML, like Gecko) Chrome/120.0.0.0 Safari/537.36"
4.193.103.12 - - [19/May/2026:15:37:24 +0330] "GET /abcd.php HTTP/1.1" 404 796 "-" "Mozilla/5.0 (Windows NT 10.0; Win64; x64) AppleWebKit/537.36 (KHTML, like Gecko) Chrome/120.0.0.0 Safari/537.36"
74.7.227.143 - - [19/May/2026:15:37:24 +0330] "GET /x-cp-tQ3G7bAf.php?path=//sys/class/tty/tty0/subsystem/tty6/subsystem/tty9/subsystem/tty17 HTTP/2" 200 3068 "https://webdesign.khakzad.com/x-cp-tQ3G7bAf.php?path=//sys/class/tty/tty0/subsystem/tty6/subsystem/tty9/subsystem" "Mozilla/5.0 AppleWebKit/537.36 (KHTML, like Gecko; compatible; GPTBot/1.3; +https://openai.com/gptbot)"
4.193.103.12 - - [19/May/2026:15:37:24 +0330] "GET /as.php HTTP/1.1" 404 796 "-" "Mozilla/5.0 (Windows NT 10.0; Win64; x64) AppleWebKit/537.36 (KHTML, like Gecko) Chrome/120.0.0.0 Safari/537.36"
74.7.227.0 - - [19/May/2026:15:37:18 +0330] "GET /x-cp-tQ3G7bAf.php?path=//sys/class/tty/ptmx/subsystem/ttyS6/subsystem/tty57/subsystem/tty7 HTTP/2" 200 3079 "https://www.webdesign.khakzad.com/x-cp-tQ3G7bAf.php?path=//sys/class/tty/ptmx/subsystem/ttyS6/subsystem/tty57/subsystem" "Mozilla/5.0 AppleWebKit/537.36 (KHTML, like Gecko; compatible; GPTBot/1.3; +https://openai.com/gptbot)"
74.7.227.0 - - [19/May/2026:15:37:19 +0330] "GET /x-cp-tQ3G7bAf.php?path=//sys/class/tty/tty4/subsystem/tty47/subsystem/tty3/subsystem/ptmx/power HTTP/2" 200 3241 "https://www.webdesign.khakzad.com/x-cp-tQ3G7bAf.php?path=//sys/class/tty/tty4/subsystem/tty47/subsystem/tty3/subsystem/ptmx" "Mozilla/5.0 AppleWebKit/537.36 (KHTML, like Gecko; compatible; GPTBot/1.3; +https://openai.com/gptbot)"
74.7.227.0 - - [19/May/2026:15:37:19 +0330] "GET /x-cp-tQ3G7bAf.php?fileloc=//sys/class/tty/ttyS8/subsystem/tty11/subsystem/ptmx/subsystem/tty3/uevent&path=//sys/class/tty/ttyS8/subsystem/tty11/subsystem/ptmx/subsystem/tty3 HTTP/2" 200 2581 "https://www.webdesign.khakzad.com/x-cp-tQ3G7bAf.php?path=//sys/class/tty/ttyS8/subsystem/tty11/subsystem/ptmx/subsystem/tty3" "Mozilla/5.0 AppleWebKit/537.36 (KHTML, like Gecko; compatible; GPTBot/1.3; +https://openai.com/gptbot)"
74.7.227.0 - - [19/May/2026:15:37:20 +0330] "GET /x-cp-tQ3G7bAf.php?path=//sys/class/tty/tty0/subsystem/tty24/subsystem/tty/subsystem/tty8 HTTP/2" 200 3000 "https://www.webdesign.khakzad.com/x-cp-tQ3G7bAf.php?path=//sys/class/tty/tty0/subsystem/tty24/subsystem/tty/subsystem" "Mozilla/5.0 AppleWebKit/537.36 (KHTML, like Gecko; compatible; GPTBot/1.3; +https://openai.com/gptbot)"
74.7.227.0 - - [19/May/2026:15:37:21 +0330] "GET /x-cp-tQ3G7bAf.php?path=//sys/class/tty/tty6/subsystem/ttyS9/subsystem/tty0/subsystem/tty7 HTTP/2" 200 3087 "https://www.webdesign.khakzad.com/x-cp-tQ3G7bAf.php?path=//sys/class/tty/tty6/subsystem/ttyS9/subsystem/tty0/subsystem" "Mozilla/5.0 AppleWebKit/537.36 (KHTML, like Gecko; compatible; GPTBot/1.3; +https://openai.com/gptbot)"
74.7.227.0 - - [19/May/2026:15:37:22 +0330] "GET /x-cp-tQ3G7bAf.php?path=//sys/class/tty/ptmx/subsystem/tty0/subsystem/tty63/subsystem/tty3 HTTP/2" 200 3055 "https://www.webdesign.khakzad.com/x-cp-tQ3G7bAf.php?path=//sys/class/tty/ptmx/subsystem/tty0/subsystem/tty63/subsystem" "Mozilla/5.0 AppleWebKit/537.36 (KHTML, like Gecko; compatible; GPTBot/1.3; +https://openai.com/gptbot)"
74.7.227.0 - - [19/May/2026:15:37:22 +0330] "GET /x-cp-tQ3G7bAf.php?path=//sys/class/tty/ptmx/subsystem/ttyS14/subsystem/tty3/subsystem/tty4 HTTP/2" 200 3073 "https://www.webdesign.khakzad.com/x-cp-tQ3G7bAf.php?path=//sys/class/tty/ptmx/subsystem/ttyS14/subsystem/tty3/subsystem" "Mozilla/5.0 AppleWebKit/537.36 (KHTML, like Gecko; compatible; GPTBot/1.3; +https://openai.com/gptbot)"
74.7.227.0 - - [19/May/2026:15:37:23 +0330] "GET /x-cp-tQ3G7bAf.php?path=//sys/class/tty/tty2/subsystem/ptmx/subsystem/tty0/subsystem/tty55 HTTP/2" 200 3071 "https://www.webdesign.khakzad.com/x-cp-tQ3G7bAf.php?path=//sys/class/tty/tty2/subsystem/ptmx/subsystem/tty0/subsystem" "Mozilla/5.0 AppleWebKit/537.36 (KHTML, like Gecko; compatible; GPTBot/1.3; +https://openai.com/gptbot)"
74.7.227.0 - - [19/May/2026:15:37:24 +0330] "GET /x-cp-tQ3G7bAf.php?path=//sys/class/tty/tty2/subsystem/tty9/subsystem/tty35/subsystem/tty22 HTTP/2" 200 3044 "https://www.webdesign.khakzad.com/x-cp-tQ3G7bAf.php?path=//sys/class/tty/tty2/subsystem/tty9/subsystem/tty35/subsystem" "Mozilla/5.0 AppleWebKit/537.36 (KHTML, like Gecko; compatible; GPTBot/1.3; +https://openai.com/gptbot)"
74.7.227.0 - - [19/May/2026:15:37:24 +0330] "GET /x-cp-tQ3G7bAf.php?path=//sys/class/tty/tty2/subsystem/tty9/subsystem/tty35/subsystem/tty HTTP/2" 200 3065 "https://www.webdesign.khakzad.com/x-cp-tQ3G7bAf.php?path=//sys/class/tty/tty2/subsystem/tty9/subsystem/tty35/subsystem" "Mozilla/5.0 AppleWebKit/537.36 (KHTML, like Gecko; compatible; GPTBot/1.3; +https://openai.com/gptbot)"
4.193.103.12 - - [19/May/2026:15:37:24 +0330] "GET /wp-trackback.php HTTP/1.1" 404 796 "-" "Mozilla/5.0 (Windows NT 10.0; Win64; x64) AppleWebKit/537.36 (KHTML, like Gecko) Chrome/120.0.0.0 Safari/537.36"
4.193.103.12 - - [19/May/2026:15:37:24 +0330] "GET /about.php HTTP/1.1" 404 796 "-" "Mozilla/5.0 (Windows NT 10.0; Win64; x64) AppleWebKit/537.36 (KHTML, like Gecko) Chrome/120.0.0.0 Safari/537.36"
4.193.103.12 - - [19/May/2026:15:37:25 +0330] "GET /file.php HTTP/1.1" 404 796 "-" "Mozilla/5.0 (Windows NT 10.0; Win64; x64) AppleWebKit/537.36 (KHTML, like Gecko) Chrome/120.0.0.0 Safari/537.36"
74.7.227.143 - - [19/May/2026:15:37:25 +0330] "GET /x-cp-tQ3G7bAf.php?path=//sys/class/tty/tty1/subsystem/tty24/subsystem/tty9/subsystem/tty1/subsystem HTTP/2" 200 4117 "https://webdesign.khakzad.com/x-cp-tQ3G7bAf.php?path=//sys/class/tty/tty1/subsystem/tty24/subsystem/tty9/subsystem/tty1" "Mozilla/5.0 AppleWebKit/537.36 (KHTML, like Gecko; compatible; GPTBot/1.3; +https://openai.com/gptbot)"
4.193.103.12 - - [19/May/2026:15:37:25 +0330] "GET /adminfuns.php HTTP/1.1" 404 796 "-" "Mozilla/5.0 (Windows NT 10.0; Win64; x64) AppleWebKit/537.36 (KHTML, like Gecko) Chrome/120.0.0.0 Safari/537.36"
4.193.103.12 - - [19/May/2026:15:37:25 +0330] "GET /wp-good.php HTTP/1.1" 404 796 "-" "Mozilla/5.0 (Windows NT 10.0; Win64; x64) AppleWebKit/537.36 (KHTML, like Gecko) Chrome/120.0.0.0 Safari/537.36"
4.193.103.12 - - [19/May/2026:15:37:25 +0330] "GET /xmlrpc.php HTTP/1.1" 404 796 "-" "Mozilla/5.0 (Windows NT 10.0; Win64; x64) AppleWebKit/537.36 (KHTML, like Gecko) Chrome/120.0.0.0 Safari/537.36"
4.193.103.12 - - [19/May/2026:15:37:25 +0330] "GET /goods.php HTTP/1.1" 404 796 "-" "Mozilla/5.0 (Windows NT 10.0; Win64; x64) AppleWebKit/537.36 (KHTML, like Gecko) Chrome/120.0.0.0 Safari/537.36"
74.7.227.143 - - [19/May/2026:15:37:25 +0330] "GET /x-cp-tQ3G7bAf.php?path=//sys/class/tty/tty1/subsystem/tty24/subsystem/tty9/subsystem/tty1/power HTTP/2" 200 3186 "https://webdesign.khakzad.com/x-cp-tQ3G7bAf.php?path=//sys/class/tty/tty1/subsystem/tty24/subsystem/tty9/subsystem/tty1" "Mozilla/5.0 AppleWebKit/537.36 (KHTML, like Gecko; compatible; GPTBot/1.3; +https://openai.com/gptbot)"
4.193.103.12 - - [19/May/2026:15:37:26 +0330] "GET /class-t.api.php HTTP/1.1" 404 796 "-" "Mozilla/5.0 (Windows NT 10.0; Win64; x64) AppleWebKit/537.36 (KHTML, like Gecko) Chrome/120.0.0.0 Safari/537.36"
4.193.103.12 - - [19/May/2026:15:37:26 +0330] "GET /sf.php HTTP/1.1" 404 796 "-" "Mozilla/5.0 (Windows NT 10.0; Win64; x64) AppleWebKit/537.36 (KHTML, like Gecko) Chrome/120.0.0.0 Safari/537.36"
4.193.103.12 - - [19/May/2026:15:37:26 +0330] "GET /kbfr.php HTTP/1.1" 404 796 "-" "Mozilla/5.0 (Windows NT 10.0; Win64; x64) AppleWebKit/537.36 (KHTML, like Gecko) Chrome/120.0.0.0 Safari/537.36"
74.7.227.143 - - [19/May/2026:15:37:26 +0330] "GET /x-cp-tQ3G7bAf.php?path=//sys/class/tty/tty6/subsystem/tty10/subsystem/tty7/subsystem/tty4 HTTP/2" 200 3053 "https://webdesign.khakzad.com/x-cp-tQ3G7bAf.php?path=//sys/class/tty/tty6/subsystem/tty10/subsystem/tty7/subsystem" "Mozilla/5.0 AppleWebKit/537.36 (KHTML, like Gecko; compatible; GPTBot/1.3; +https://openai.com/gptbot)"
4.193.103.12 - - [19/May/2026:15:37:26 +0330] "GET /autoload_classmap.php HTTP/1.1" 404 796 "-" "Mozilla/5.0 (Windows NT 10.0; Win64; x64) AppleWebKit/537.36 (KHTML, like Gecko) Chrome/120.0.0.0 Safari/537.36"
4.193.103.12 - - [19/May/2026:15:37:26 +0330] "GET /chosen.php?p= HTTP/1.1" 404 796 "-" "Mozilla/5.0 (Windows NT 10.0; Win64; x64) AppleWebKit/537.36 (KHTML, like Gecko) Chrome/120.0.0.0 Safari/537.36"
4.193.103.12 - - [19/May/2026:15:37:26 +0330] "GET /classwithtostring.php HTTP/1.1" 404 796 "-" "Mozilla/5.0 (Windows NT 10.0; Win64; x64) AppleWebKit/537.36 (KHTML, like Gecko) Chrome/120.0.0.0 Safari/537.36"
4.193.103.12 - - [19/May/2026:15:37:27 +0330] "GET /defaults.php HTTP/1.1" 404 796 "-" "Mozilla/5.0 (Windows NT 10.0; Win64; x64) AppleWebKit/537.36 (KHTML, like Gecko) Chrome/120.0.0.0 Safari/537.36"
74.7.227.143 - - [19/May/2026:15:37:27 +0330] "GET /x-cp-tQ3G7bAf.php?path=//sys/class/tty/tty2/subsystem/tty6/subsystem/tty7/subsystem/tty31 HTTP/2" 200 3068 "https://webdesign.khakzad.com/x-cp-tQ3G7bAf.php?path=//sys/class/tty/tty2/subsystem/tty6/subsystem/tty7/subsystem" "Mozilla/5.0 AppleWebKit/537.36 (KHTML, like Gecko; compatible; GPTBot/1.3; +https://openai.com/gptbot)"
4.193.103.12 - - [19/May/2026:15:37:27 +0330] "GET /.well-known/ HTTP/1.1" 200 663 "-" "Mozilla/5.0 (Windows NT 10.0; Win64; x64) AppleWebKit/537.36 (KHTML, like Gecko) Chrome/120.0.0.0 Safari/537.36"
4.193.103.12 - - [19/May/2026:15:37:27 +0330] "GET /info.php HTTP/1.1" 404 796 "-" "Mozilla/5.0 (Windows NT 10.0; Win64; x64) AppleWebKit/537.36 (KHTML, like Gecko) Chrome/120.0.0.0 Safari/537.36"
4.193.103.12 - - [19/May/2026:15:37:27 +0330] "GET /cgi-bin/ HTTP/1.1" 403 787 "-" "Mozilla/5.0 (Windows NT 10.0; Win64; x64) AppleWebKit/537.36 (KHTML, like Gecko) Chrome/120.0.0.0 Safari/537.36"
74.7.227.143 - - [19/May/2026:15:37:27 +0330] "GET /x-cp-tQ3G7bAf.php?path=//sys/class/tty/tty5/subsystem/tty61/subsystem/tty8/subsystem/tty7 HTTP/2" 200 3086 "https://webdesign.khakzad.com/x-cp-tQ3G7bAf.php?path=//sys/class/tty/tty5/subsystem/tty61/subsystem/tty8/subsystem" "Mozilla/5.0 AppleWebKit/537.36 (KHTML, like Gecko; compatible; GPTBot/1.3; +https://openai.com/gptbot)"
4.193.103.12 - - [19/May/2026:15:37:27 +0330] "GET /wp-includes/Requests/src/Response/about.php HTTP/1.1" 404 796 "-" "Mozilla/5.0 (Windows NT 10.0; Win64; x64) AppleWebKit/537.36 (KHTML, like Gecko) Chrome/120.0.0.0 Safari/537.36"
4.193.103.12 - - [19/May/2026:15:37:28 +0330] "GET /wp-includes/html-api/ HTTP/1.1" 404 796 "-" "Mozilla/5.0 (Windows NT 10.0; Win64; x64) AppleWebKit/537.36 (KHTML, like Gecko) Chrome/120.0.0.0 Safari/537.36"
4.193.103.12 - - [19/May/2026:15:37:28 +0330] "GET /wp-content/admin.php HTTP/1.1" 404 796 "-" "Mozilla/5.0 (Windows NT 10.0; Win64; x64) AppleWebKit/537.36 (KHTML, like Gecko) Chrome/120.0.0.0 Safari/537.36"
4.193.103.12 - - [19/May/2026:15:37:28 +0330] "GET /wp-admin/css/colors/ectoplasm/ HTTP/1.1" 404 796 "-" "Mozilla/5.0 (Windows NT 10.0; Win64; x64) AppleWebKit/537.36 (KHTML, like Gecko) Chrome/120.0.0.0 Safari/537.36"
74.7.227.143 - - [19/May/2026:15:37:28 +0330] "GET /x-cp-tQ3G7bAf.php?path=//sys/class/tty/ttyS0/subsystem/tty3/subsystem/tty1/subsystem/tty48 HTTP/2" 200 3076 "https://webdesign.khakzad.com/x-cp-tQ3G7bAf.php?path=//sys/class/tty/ttyS0/subsystem/tty3/subsystem/tty1/subsystem" "Mozilla/5.0 AppleWebKit/537.36 (KHTML, like Gecko; compatible; GPTBot/1.3; +https://openai.com/gptbot)"
4.193.103.12 - - [19/May/2026:15:37:28 +0330] "GET /wp-content/uploads/ HTTP/1.1" 404 796 "-" "Mozilla/5.0 (Windows NT 10.0; Win64; x64) AppleWebKit/537.36 (KHTML, like Gecko) Chrome/120.0.0.0 Safari/537.36"
4.193.103.12 - - [19/May/2026:15:37:28 +0330] "GET /wp-content/themes/admin.php HTTP/1.1" 404 796 "-" "Mozilla/5.0 (Windows NT 10.0; Win64; x64) AppleWebKit/537.36 (KHTML, like Gecko) Chrome/120.0.0.0 Safari/537.36"
4.193.103.12 - - [19/May/2026:15:37:29 +0330] "GET /wp-content/themes/index.php HTTP/1.1" 404 796 "-" "Mozilla/5.0 (Windows NT 10.0; Win64; x64) AppleWebKit/537.36 (KHTML, like Gecko) Chrome/120.0.0.0 Safari/537.36"
4.193.103.12 - - [19/May/2026:15:37:29 +0330] "GET /wp-content/plugins/index.php HTTP/1.1" 404 796 "-" "Mozilla/5.0 (Windows NT 10.0; Win64; x64) AppleWebKit/537.36 (KHTML, like Gecko) Chrome/120.0.0.0 Safari/537.36"
74.7.227.143 - - [19/May/2026:15:37:29 +0330] "GET /x-cp-tQ3G7bAf.php?path=//sys/class/tty/tty2/subsystem/tty8/subsystem/tty5/subsystem/tty40 HTTP/2" 200 3067 "https://webdesign.khakzad.com/x-cp-tQ3G7bAf.php?path=//sys/class/tty/tty2/subsystem/tty8/subsystem/tty5/subsystem" "Mozilla/5.0 AppleWebKit/537.36 (KHTML, like Gecko; compatible; GPTBot/1.3; +https://openai.com/gptbot)"
4.193.103.12 - - [19/May/2026:15:37:29 +0330] "GET /wp-includes/PHPMailer/ HTTP/1.1" 404 796 "-" "Mozilla/5.0 (Windows NT 10.0; Win64; x64) AppleWebKit/537.36 (KHTML, like Gecko) Chrome/120.0.0.0 Safari/537.36"
74.7.227.0 - - [19/May/2026:15:37:25 +0330] "GET /x-cp-tQ3G7bAf.php?path=//sys/class/tty/tty2/subsystem/tty1/subsystem/tty8/subsystem/ttyS5 HTTP/2" 200 3534 "https://www.webdesign.khakzad.com/x-cp-tQ3G7bAf.php?path=//sys/class/tty/tty2/subsystem/tty1/subsystem/tty8/subsystem" "Mozilla/5.0 AppleWebKit/537.36 (KHTML, like Gecko; compatible; GPTBot/1.3; +https://openai.com/gptbot)"
74.7.227.0 - - [19/May/2026:15:37:26 +0330] "GET /x-cp-tQ3G7bAf.php?path=//sys/class/tty/tty2/subsystem/ptmx/subsystem/ttyS24/subsystem/tty9 HTTP/2" 200 3054 "https://www.webdesign.khakzad.com/x-cp-tQ3G7bAf.php?path=//sys/class/tty/tty2/subsystem/ptmx/subsystem/ttyS24/subsystem" "Mozilla/5.0 AppleWebKit/537.36 (KHTML, like Gecko; compatible; GPTBot/1.3; +https://openai.com/gptbot)"
74.7.227.0 - - [19/May/2026:15:37:27 +0330] "GET /x-cp-tQ3G7bAf.php?path=//sys/class/tty/tty6/subsystem/ttyS4/subsystem/tty/subsystem/tty56 HTTP/2" 200 3056 "https://www.webdesign.khakzad.com/x-cp-tQ3G7bAf.php?path=//sys/class/tty/tty6/subsystem/ttyS4/subsystem/tty/subsystem" "Mozilla/5.0 AppleWebKit/537.36 (KHTML, like Gecko; compatible; GPTBot/1.3; +https://openai.com/gptbot)"
74.7.227.0 - - [19/May/2026:15:37:27 +0330] "GET /x-cp-tQ3G7bAf.php?path=//sys/class/tty/tty3/subsystem/tty44/subsystem/tty/subsystem/ttyS8 HTTP/2" 200 3546 "https://www.webdesign.khakzad.com/x-cp-tQ3G7bAf.php?path=//sys/class/tty/tty3/subsystem/tty44/subsystem/tty/subsystem" "Mozilla/5.0 AppleWebKit/537.36 (KHTML, like Gecko; compatible; GPTBot/1.3; +https://openai.com/gptbot)"
74.7.227.0 - - [19/May/2026:15:37:28 +0330] "GET /x-cp-tQ3G7bAf.php?path=//sys/class/tty/tty0/subsystem/tty24/subsystem/tty/subsystem/tty8/power HTTP/2" 200 3230 "https://www.webdesign.khakzad.com/x-cp-tQ3G7bAf.php?path=//sys/class/tty/tty0/subsystem/tty24/subsystem/tty/subsystem/tty8" "Mozilla/5.0 AppleWebKit/537.36 (KHTML, like Gecko; compatible; GPTBot/1.3; +https://openai.com/gptbot)"
74.7.227.0 - - [19/May/2026:15:37:29 +0330] "GET /x-cp-tQ3G7bAf.php?path=//sys/class/tty/tty6/subsystem/ttyS9/subsystem/tty0/subsystem/tty7/power HTTP/2" 200 3240 "https://www.webdesign.khakzad.com/x-cp-tQ3G7bAf.php?path=//sys/class/tty/tty6/subsystem/ttyS9/subsystem/tty0/subsystem/tty7" "Mozilla/5.0 AppleWebKit/537.36 (KHTML, like Gecko; compatible; GPTBot/1.3; +https://openai.com/gptbot)"
74.7.227.0 - - [19/May/2026:15:37:29 +0330] "GET /x-cp-tQ3G7bAf.php?path=//sys/class/tty/ptmx/subsystem/tty0/subsystem/tty63/subsystem/tty3/power HTTP/2" 200 3230 "https://www.webdesign.khakzad.com/x-cp-tQ3G7bAf.php?path=//sys/class/tty/ptmx/subsystem/tty0/subsystem/tty63/subsystem/tty3" "Mozilla/5.0 AppleWebKit/537.36 (KHTML, like Gecko; compatible; GPTBot/1.3; +https://openai.com/gptbot)"
74.7.227.0 - - [19/May/2026:15:37:30 +0330] "GET /x-cp-tQ3G7bAf.php?path=//sys/class/tty/tty0/subsystem/tty16/subsystem/tty7/subsystem/ptmx HTTP/2" 200 3020 "https://www.webdesign.khakzad.com/x-cp-tQ3G7bAf.php?path=//sys/class/tty/tty0/subsystem/tty16/subsystem/tty7/subsystem" "Mozilla/5.0 AppleWebKit/537.36 (KHTML, like Gecko; compatible; GPTBot/1.3; +https://openai.com/gptbot)"
74.7.227.0 - - [19/May/2026:15:37:31 +0330] "GET /x-cp-tQ3G7bAf.php?path=//sys/class/tty/tty3/subsystem/tty8/subsystem/ttyS7/subsystem/tty9 HTTP/2" 200 3058 "https://www.webdesign.khakzad.com/x-cp-tQ3G7bAf.php?path=//sys/class/tty/tty3/subsystem/tty8/subsystem/ttyS7/subsystem" "Mozilla/5.0 AppleWebKit/537.36 (KHTML, like Gecko; compatible; GPTBot/1.3; +https://openai.com/gptbot)"
74.7.227.0 - - [19/May/2026:15:37:31 +0330] "GET /x-cp-tQ3G7bAf.php?path=//sys/class/tty/ttyS7/subsystem/ttyS24/subsystem/tty/subsystem/tty8 HTTP/2" 200 3016 "https://www.webdesign.khakzad.com/x-cp-tQ3G7bAf.php?path=//sys/class/tty/ttyS7/subsystem/ttyS24/subsystem/tty/subsystem" "Mozilla/5.0 AppleWebKit/537.36 (KHTML, like Gecko; compatible; GPTBot/1.3; +https://openai.com/gptbot)"
4.193.103.12 - - [19/May/2026:15:37:29 +0330] "GET /wp-includes/images/ HTTP/1.1" 404 796 "-" "Mozilla/5.0 (Windows NT 10.0; Win64; x64) AppleWebKit/537.36 (KHTML, like Gecko) Chrome/120.0.0.0 Safari/537.36"
4.193.103.12 - - [19/May/2026:15:37:29 +0330] "GET /wp-content/plugins/WordPressCore/ HTTP/1.1" 404 796 "-" "Mozilla/5.0 (Windows NT 10.0; Win64; x64) AppleWebKit/537.36 (KHTML, like Gecko) Chrome/120.0.0.0 Safari/537.36"
74.7.227.143 - - [19/May/2026:15:37:29 +0330] "GET /x-cp-tQ3G7bAf.php?path=//sys/class/tty/tty5/subsystem/tty34/subsystem/tty9/subsystem/tty8 HTTP/2" 200 3087 "https://webdesign.khakzad.com/x-cp-tQ3G7bAf.php?path=//sys/class/tty/tty5/subsystem/tty34/subsystem/tty9/subsystem" "Mozilla/5.0 AppleWebKit/537.36 (KHTML, like Gecko; compatible; GPTBot/1.3; +https://openai.com/gptbot)"
74.7.227.143 - - [19/May/2026:15:37:30 +0330] "GET /x-cp-tQ3G7bAf.php?path=//sys/class/tty/tty0/subsystem/tty19/subsystem/tty7/subsystem/ttyS4 HTTP/2" 200 3547 "https://webdesign.khakzad.com/x-cp-tQ3G7bAf.php?path=//sys/class/tty/tty0/subsystem/tty19/subsystem/tty7/subsystem" "Mozilla/5.0 AppleWebKit/537.36 (KHTML, like Gecko; compatible; GPTBot/1.3; +https://openai.com/gptbot)"
74.7.227.143 - - [19/May/2026:15:37:31 +0330] "GET /x-cp-tQ3G7bAf.php?path=//sys/class/tty/ttyS1/subsystem/tty/subsystem/tty47/subsystem/tty35 HTTP/2" 200 3013 "https://webdesign.khakzad.com/x-cp-tQ3G7bAf.php?path=//sys/class/tty/ttyS1/subsystem/tty/subsystem/tty47/subsystem" "Mozilla/5.0 AppleWebKit/537.36 (KHTML, like Gecko; compatible; GPTBot/1.3; +https://openai.com/gptbot)"
74.7.227.143 - - [19/May/2026:15:37:32 +0330] "GET /x-cp-tQ3G7bAf.php?path=//sys/class/tty/tty0/subsystem/tty6/subsystem/tty9/subsystem/tty17/power HTTP/2" 200 3233 "https://webdesign.khakzad.com/x-cp-tQ3G7bAf.php?path=//sys/class/tty/tty0/subsystem/tty6/subsystem/tty9/subsystem/tty17" "Mozilla/5.0 AppleWebKit/537.36 (KHTML, like Gecko; compatible; GPTBot/1.3; +https://openai.com/gptbot)"
74.7.227.143 - - [19/May/2026:15:37:32 +0330] "GET /x-cp-tQ3G7bAf.php?path=//sys/class/tty/tty1/subsystem/tty24/subsystem/tty9/subsystem/tty1/subsystem/tty15 HTTP/2" 200 3102 "https://webdesign.khakzad.com/x-cp-tQ3G7bAf.php?path=//sys/class/tty/tty1/subsystem/tty24/subsystem/tty9/subsystem/tty1/subsystem" "Mozilla/5.0 AppleWebKit/537.36 (KHTML, like Gecko; compatible; GPTBot/1.3; +https://openai.com/gptbot)"
74.7.227.143 - - [19/May/2026:15:37:33 +0330] "GET /x-cp-tQ3G7bAf.php?path=//sys/class/tty/tty5/subsystem/tty37/subsystem/tty/subsystem/tty62 HTTP/2" 200 3056 "https://webdesign.khakzad.com/x-cp-tQ3G7bAf.php?path=//sys/class/tty/tty5/subsystem/tty37/subsystem/tty/subsystem" "Mozilla/5.0 AppleWebKit/537.36 (KHTML, like Gecko; compatible; GPTBot/1.3; +https://openai.com/gptbot)"
74.7.227.143 - - [19/May/2026:15:37:34 +0330] "GET /x-cp-tQ3G7bAf.php?path=//sys/class/tty/tty6/subsystem/tty10/subsystem/tty7/subsystem/tty4/power HTTP/2" 200 3238 "https://webdesign.khakzad.com/x-cp-tQ3G7bAf.php?path=//sys/class/tty/tty6/subsystem/tty10/subsystem/tty7/subsystem/tty4" "Mozilla/5.0 AppleWebKit/537.36 (KHTML, like Gecko; compatible; GPTBot/1.3; +https://openai.com/gptbot)"
74.7.227.143 - - [19/May/2026:15:37:34 +0330] "GET /x-cp-tQ3G7bAf.php?path=//sys/class/tty/tty2/subsystem/tty6/subsystem/tty7/subsystem/tty31/power HTTP/2" 200 3233 "https://webdesign.khakzad.com/x-cp-tQ3G7bAf.php?path=//sys/class/tty/tty2/subsystem/tty6/subsystem/tty7/subsystem/tty31" "Mozilla/5.0 AppleWebKit/537.36 (KHTML, like Gecko; compatible; GPTBot/1.3; +https://openai.com/gptbot)"
74.7.227.143 - - [19/May/2026:15:37:35 +0330] "GET /x-cp-tQ3G7bAf.php?path=//sys/class/tty/tty5/subsystem/tty61/subsystem/tty8/subsystem/tty7/power HTTP/2" 200 3240 "https://webdesign.khakzad.com/x-cp-tQ3G7bAf.php?path=//sys/class/tty/tty5/subsystem/tty61/subsystem/tty8/subsystem/tty7" "Mozilla/5.0 AppleWebKit/537.36 (KHTML, like Gecko; compatible; GPTBot/1.3; +https://openai.com/gptbot)"
74.7.227.0 - - [19/May/2026:15:37:32 +0330] "GET /x-cp-tQ3G7bAf.php?path=//sys/class/tty/tty2/subsystem/tty9/subsystem/tty35/subsystem/tty/power HTTP/2" 200 3230 "https://www.webdesign.khakzad.com/x-cp-tQ3G7bAf.php?path=//sys/class/tty/tty2/subsystem/tty9/subsystem/tty35/subsystem/tty" "Mozilla/5.0 AppleWebKit/537.36 (KHTML, like Gecko; compatible; GPTBot/1.3; +https://openai.com/gptbot)"
74.7.227.0 - - [19/May/2026:15:37:33 +0330] "GET /x-cp-tQ3G7bAf.php?path=//sys/class/tty/ptmx/subsystem/tty3/subsystem/ttyS2/subsystem/tty14 HTTP/2" 200 3081 "https://www.webdesign.khakzad.com/x-cp-tQ3G7bAf.php?path=//sys/class/tty/ptmx/subsystem/tty3/subsystem/ttyS2/subsystem" "Mozilla/5.0 AppleWebKit/537.36 (KHTML, like Gecko; compatible; GPTBot/1.3; +https://openai.com/gptbot)"
74.7.227.0 - - [19/May/2026:15:37:34 +0330] "GET /x-cp-tQ3G7bAf.php?path=//sys/class/tty/tty6/subsystem/ttyS0/subsystem/tty/subsystem/tty21 HTTP/2" 200 3058 "https://www.webdesign.khakzad.com/x-cp-tQ3G7bAf.php?path=//sys/class/tty/tty6/subsystem/ttyS0/subsystem/tty/subsystem" "Mozilla/5.0 AppleWebKit/537.36 (KHTML, like Gecko; compatible; GPTBot/1.3; +https://openai.com/gptbot)"
74.7.227.0 - - [19/May/2026:15:37:34 +0330] "GET /x-cp-tQ3G7bAf.php?path=//sys/class/tty/tty6/subsystem/ttyS4/subsystem/tty/subsystem/tty56/power HTTP/2" 200 3236 "https://www.webdesign.khakzad.com/x-cp-tQ3G7bAf.php?path=//sys/class/tty/tty6/subsystem/ttyS4/subsystem/tty/subsystem/tty56" "Mozilla/5.0 AppleWebKit/537.36 (KHTML, like Gecko; compatible; GPTBot/1.3; +https://openai.com/gptbot)"
74.7.227.0 - - [19/May/2026:15:37:35 +0330] "GET /x-cp-tQ3G7bAf.php?path=//sys/class/tty/tty3/subsystem/tty44/subsystem/tty/subsystem/ttyS8/power HTTP/2" 200 3516 "https://www.webdesign.khakzad.com/x-cp-tQ3G7bAf.php?path=//sys/class/tty/tty3/subsystem/tty44/subsystem/tty/subsystem/ttyS8" "Mozilla/5.0 AppleWebKit/537.36 (KHTML, like Gecko; compatible; GPTBot/1.3; +https://openai.com/gptbot)"
74.7.227.0 - - [19/May/2026:15:37:36 +0330] "GET /x-cp-tQ3G7bAf.php?path=//sys/class/tty/ptmx/subsystem/tty/subsystem/tty41/subsystem/ttyS26 HTTP/2" 200 3553 "https://www.webdesign.khakzad.com/x-cp-tQ3G7bAf.php?path=//sys/class/tty/ptmx/subsystem/tty/subsystem/tty41/subsystem" "Mozilla/5.0 AppleWebKit/537.36 (KHTML, like Gecko; compatible; GPTBot/1.3; +https://openai.com/gptbot)"
74.7.227.0 - - [19/May/2026:15:37:36 +0330] "GET /x-cp-tQ3G7bAf.php?path=//sys/class/tty/ptmx/subsystem/ttyS3/subsystem/tty1/subsystem/tty53 HTTP/2" 200 3077 "https://www.webdesign.khakzad.com/x-cp-tQ3G7bAf.php?path=//sys/class/tty/ptmx/subsystem/ttyS3/subsystem/tty1/subsystem" "Mozilla/5.0 AppleWebKit/537.36 (KHTML, like Gecko; compatible; GPTBot/1.3; +https://openai.com/gptbot)"
74.7.227.0 - - [19/May/2026:15:37:37 +0330] "GET /x-cp-tQ3G7bAf.php?path=//sys/class/tty/tty0/subsystem/ptmx/subsystem/ttyS2/subsystem/tty22 HTTP/2" 200 3075 "https://www.webdesign.khakzad.com/x-cp-tQ3G7bAf.php?path=//sys/class/tty/tty0/subsystem/ptmx/subsystem/ttyS2/subsystem" "Mozilla/5.0 AppleWebKit/537.36 (KHTML, like Gecko; compatible; GPTBot/1.3; +https://openai.com/gptbot)"
74.7.227.0 - - [19/May/2026:15:37:38 +0330] "GET /x-cp-tQ3G7bAf.php?path=//sys/class/tty/ptmx/subsystem/tty6/subsystem/ttyS17/subsystem/tty1 HTTP/2" 200 3079 "https://www.webdesign.khakzad.com/x-cp-tQ3G7bAf.php?path=//sys/class/tty/ptmx/subsystem/tty6/subsystem/ttyS17/subsystem" "Mozilla/5.0 AppleWebKit/537.36 (KHTML, like Gecko; compatible; GPTBot/1.3; +https://openai.com/gptbot)"
74.7.227.0 - - [19/May/2026:15:37:38 +0330] "GET /x-cp-tQ3G7bAf.php?fileloc=//sys/class/tty/tty3/subsystem/tty8/subsystem/ttyS7/subsystem/tty9/dev&path=//sys/class/tty/tty3/subsystem/tty8/subsystem/ttyS7/subsystem/tty9 HTTP/2" 200 2589 "https://www.webdesign.khakzad.com/x-cp-tQ3G7bAf.php?path=//sys/class/tty/tty3/subsystem/tty8/subsystem/ttyS7/subsystem/tty9" "Mozilla/5.0 AppleWebKit/537.36 (KHTML, like Gecko; compatible; GPTBot/1.3; +https://openai.com/gptbot)"
74.7.227.143 - - [19/May/2026:15:37:36 +0330] "GET /x-cp-tQ3G7bAf.php?path=//sys/class/tty/tty5/subsystem/tty4/subsystem/tty60/subsystem/tty3 HTTP/2" 200 3055 "https://webdesign.khakzad.com/x-cp-tQ3G7bAf.php?path=//sys/class/tty/tty5/subsystem/tty4/subsystem/tty60/subsystem" "Mozilla/5.0 AppleWebKit/537.36 (KHTML, like Gecko; compatible; GPTBot/1.3; +https://openai.com/gptbot)"
74.7.227.143 - - [19/May/2026:15:37:37 +0330] "GET /x-cp-tQ3G7bAf.php?path=//sys/class/tty/tty0/subsystem/tty14/subsystem/tty/subsystem/tty62 HTTP/2" 200 3058 "https://webdesign.khakzad.com/x-cp-tQ3G7bAf.php?path=//sys/class/tty/tty0/subsystem/tty14/subsystem/tty/subsystem" "Mozilla/5.0 AppleWebKit/537.36 (KHTML, like Gecko; compatible; GPTBot/1.3; +https://openai.com/gptbot)"
74.7.227.143 - - [19/May/2026:15:37:37 +0330] "GET /x-cp-tQ3G7bAf.php?path=//sys/class/tty/tty5/subsystem/tty34/subsystem/tty9/subsystem/tty8/power HTTP/2" 200 3240 "https://webdesign.khakzad.com/x-cp-tQ3G7bAf.php?path=//sys/class/tty/tty5/subsystem/tty34/subsystem/tty9/subsystem/tty8" "Mozilla/5.0 AppleWebKit/537.36 (KHTML, like Gecko; compatible; GPTBot/1.3; +https://openai.com/gptbot)"
74.7.227.143 - - [19/May/2026:15:37:38 +0330] "GET /x-cp-tQ3G7bAf.php?fileloc=//sys/class/tty/tty0/subsystem/tty19/subsystem/tty7/subsystem/ttyS4/close_delay&path=//sys/class/tty/tty0/subsystem/tty19/subsystem/tty7/subsystem/ttyS4 HTTP/2" 200 2590 "https://webdesign.khakzad.com/x-cp-tQ3G7bAf.php?path=//sys/class/tty/tty0/subsystem/tty19/subsystem/tty7/subsystem/ttyS4" "Mozilla/5.0 AppleWebKit/537.36 (KHTML, like Gecko; compatible; GPTBot/1.3; +https://openai.com/gptbot)"
74.7.227.143 - - [19/May/2026:15:37:39 +0330] "GET /x-cp-tQ3G7bAf.php?path=//sys/class/tty/tty6/subsystem/ttyS5/subsystem/tty3/subsystem/tty11 HTTP/2" 200 3080 "https://webdesign.khakzad.com/x-cp-tQ3G7bAf.php?path=//sys/class/tty/tty6/subsystem/ttyS5/subsystem/tty3/subsystem" "Mozilla/5.0 AppleWebKit/537.36 (KHTML, like Gecko; compatible; GPTBot/1.3; +https://openai.com/gptbot)"
74.7.227.143 - - [19/May/2026:15:37:39 +0330] "GET /x-cp-tQ3G7bAf.php?path=//sys/class/tty/tty1/subsystem/tty7/subsystem/tty63/subsystem/ttyS6 HTTP/2" 200 3549 "https://webdesign.khakzad.com/x-cp-tQ3G7bAf.php?path=//sys/class/tty/tty1/subsystem/tty7/subsystem/tty63/subsystem" "Mozilla/5.0 AppleWebKit/537.36 (KHTML, like Gecko; compatible; GPTBot/1.3; +https://openai.com/gptbot)"
74.7.227.143 - - [19/May/2026:15:37:40 +0330] "GET /x-cp-tQ3G7bAf.php?path=//sys/class/tty/tty6/subsystem/tty0/subsystem/ttyS1/subsystem/tty52 HTTP/2" 200 3077 "https://webdesign.khakzad.com/x-cp-tQ3G7bAf.php?path=//sys/class/tty/tty6/subsystem/tty0/subsystem/ttyS1/subsystem" "Mozilla/5.0 AppleWebKit/537.36 (KHTML, like Gecko; compatible; GPTBot/1.3; +https://openai.com/gptbot)"
74.7.227.143 - - [19/May/2026:15:37:41 +0330] "GET /x-cp-tQ3G7bAf.php?path=//sys/class/tty/tty5/subsystem/tty37/subsystem/tty/subsystem/tty62/power HTTP/2" 200 3235 "https://webdesign.khakzad.com/x-cp-tQ3G7bAf.php?path=//sys/class/tty/tty5/subsystem/tty37/subsystem/tty/subsystem/tty62" "Mozilla/5.0 AppleWebKit/537.36 (KHTML, like Gecko; compatible; GPTBot/1.3; +https://openai.com/gptbot)"
74.7.227.143 - - [19/May/2026:15:37:42 +0330] "GET /x-cp-tQ3G7bAf.php?path=//sys/class/tty/tty6/subsystem/tty33/subsystem/ptmx/subsystem/tty52 HTTP/2" 200 3082 "https://webdesign.khakzad.com/x-cp-tQ3G7bAf.php?path=//sys/class/tty/tty6/subsystem/tty33/subsystem/ptmx/subsystem" "Mozilla/5.0 AppleWebKit/537.36 (KHTML, like Gecko; compatible; GPTBot/1.3; +https://openai.com/gptbot)"
74.7.227.143 - - [19/May/2026:15:37:42 +0330] "GET /x-cp-tQ3G7bAf.php?path=//sys/class/tty/ttyS1/subsystem/tty4/subsystem/tty6/subsystem/tty35 HTTP/2" 200 3077 "https://webdesign.khakzad.com/x-cp-tQ3G7bAf.php?path=//sys/class/tty/ttyS1/subsystem/tty4/subsystem/tty6/subsystem" "Mozilla/5.0 AppleWebKit/537.36 (KHTML, like Gecko; compatible; GPTBot/1.3; +https://openai.com/gptbot)"
74.7.227.0 - - [19/May/2026:15:37:39 +0330] "GET /x-cp-tQ3G7bAf.php?path=//sys/class/tty/ttyS7/subsystem/ttyS24/subsystem/tty/subsystem/tty8/power HTTP/2" 200 3137 "https://www.webdesign.khakzad.com/x-cp-tQ3G7bAf.php?path=//sys/class/tty/ttyS7/subsystem/ttyS24/subsystem/tty/subsystem/tty8" "Mozilla/5.0 AppleWebKit/537.36 (KHTML, like Gecko; compatible; GPTBot/1.3; +https://openai.com/gptbot)"
74.7.227.0 - - [19/May/2026:15:37:40 +0330] "GET /x-cp-tQ3G7bAf.php?path=//sys/class/tty/tty3/subsystem/tty8/subsystem/ttyS7/subsystem/tty9/power HTTP/2" 200 3232 "https://www.webdesign.khakzad.com/x-cp-tQ3G7bAf.php?path=//sys/class/tty/tty3/subsystem/tty8/subsystem/ttyS7/subsystem/tty9" "Mozilla/5.0 AppleWebKit/537.36 (KHTML, like Gecko; compatible; GPTBot/1.3; +https://openai.com/gptbot)"
74.7.227.0 - - [19/May/2026:15:37:41 +0330] "GET /x-cp-tQ3G7bAf.php?path=//sys/class/tty/ptmx/subsystem/tty53/subsystem/tty8/subsystem/ttyS1 HTTP/2" 200 3549 "https://www.webdesign.khakzad.com/x-cp-tQ3G7bAf.php?path=//sys/class/tty/ptmx/subsystem/tty53/subsystem/tty8/subsystem" "Mozilla/5.0 AppleWebKit/537.36 (KHTML, like Gecko; compatible; GPTBot/1.3; +https://openai.com/gptbot)"
74.7.227.0 - - [19/May/2026:15:37:41 +0330] "GET /x-cp-tQ3G7bAf.php?path=//sys/class/tty/tty6/subsystem/ttyS3/subsystem/ptmx/subsystem/tty37 HTTP/2" 200 3083 "https://www.webdesign.khakzad.com/x-cp-tQ3G7bAf.php?path=//sys/class/tty/tty6/subsystem/ttyS3/subsystem/ptmx/subsystem" "Mozilla/5.0 AppleWebKit/537.36 (KHTML, like Gecko; compatible; GPTBot/1.3; +https://openai.com/gptbot)"
74.7.227.0 - - [19/May/2026:15:37:42 +0330] "GET /x-cp-tQ3G7bAf.php?path=//sys/class/tty/ptmx/subsystem/ttyS8/subsystem/tty6/subsystem/tty25 HTTP/2" 200 3081 "https://www.webdesign.khakzad.com/x-cp-tQ3G7bAf.php?path=//sys/class/tty/ptmx/subsystem/ttyS8/subsystem/tty6/subsystem" "Mozilla/5.0 AppleWebKit/537.36 (KHTML, like Gecko; compatible; GPTBot/1.3; +https://openai.com/gptbot)"
74.7.227.0 - - [19/May/2026:15:37:43 +0330] "GET /x-cp-tQ3G7bAf.php?path=//sys/class/tty/tty4/subsystem/ptmx/subsystem/ttyS11/subsystem/tty0 HTTP/2" 200 3102 "https://www.webdesign.khakzad.com/x-cp-tQ3G7bAf.php?path=//sys/class/tty/tty4/subsystem/ptmx/subsystem/ttyS11/subsystem" "Mozilla/5.0 AppleWebKit/537.36 (KHTML, like Gecko; compatible; GPTBot/1.3; +https://openai.com/gptbot)"
74.7.227.0 - - [19/May/2026:15:37:43 +0330] "GET /x-cp-tQ3G7bAf.php?path=//sys/class/tty/ptmx/subsystem/tty2/subsystem/tty3/subsystem/tty61 HTTP/2" 200 3069 "https://www.webdesign.khakzad.com/x-cp-tQ3G7bAf.php?path=//sys/class/tty/ptmx/subsystem/tty2/subsystem/tty3/subsystem" "Mozilla/5.0 AppleWebKit/537.36 (KHTML, like Gecko; compatible; GPTBot/1.3; +https://openai.com/gptbot)"
74.7.227.0 - - [19/May/2026:15:37:44 +0330] "GET /x-cp-tQ3G7bAf.php?path=//sys/class/tty/ptmx/subsystem/tty1/subsystem/tty5/subsystem/tty42 HTTP/2" 200 3069 "https://www.webdesign.khakzad.com/x-cp-tQ3G7bAf.php?path=//sys/class/tty/ptmx/subsystem/tty1/subsystem/tty5/subsystem" "Mozilla/5.0 AppleWebKit/537.36 (KHTML, like Gecko; compatible; GPTBot/1.3; +https://openai.com/gptbot)"
74.7.227.0 - - [19/May/2026:15:37:45 +0330] "GET /x-cp-tQ3G7bAf.php?path=//sys/class/tty/ttyS7/subsystem/ptmx/subsystem/tty3/subsystem/tty53 HTTP/2" 200 3078 "https://www.webdesign.khakzad.com/x-cp-tQ3G7bAf.php?path=//sys/class/tty/ttyS7/subsystem/ptmx/subsystem/tty3/subsystem" "Mozilla/5.0 AppleWebKit/537.36 (KHTML, like Gecko; compatible; GPTBot/1.3; +https://openai.com/gptbot)"
74.7.227.0 - - [19/May/2026:15:37:45 +0330] "GET /x-cp-tQ3G7bAf.php?path=//sys/class/tty/tty2/subsystem/ptmx/subsystem/tty6/subsystem/ttyS12 HTTP/2" 200 3491 "https://www.webdesign.khakzad.com/x-cp-tQ3G7bAf.php?path=//sys/class/tty/tty2/subsystem/ptmx/subsystem/tty6/subsystem" "Mozilla/5.0 AppleWebKit/537.36 (KHTML, like Gecko; compatible; GPTBot/1.3; +https://openai.com/gptbot)"
74.7.227.143 - - [19/May/2026:15:37:43 +0330] "GET /x-cp-tQ3G7bAf.php?path=//sys/class/tty/tty1/subsystem/tty9/subsystem/ttyS6/subsystem/tty38 HTTP/2" 200 3079 "https://webdesign.khakzad.com/x-cp-tQ3G7bAf.php?path=//sys/class/tty/tty1/subsystem/tty9/subsystem/ttyS6/subsystem" "Mozilla/5.0 AppleWebKit/537.36 (KHTML, like Gecko; compatible; GPTBot/1.3; +https://openai.com/gptbot)"
74.7.227.143 - - [19/May/2026:15:37:44 +0330] "GET /x-cp-tQ3G7bAf.php?path=//sys/class/tty/tty5/subsystem/tty4/subsystem/tty60/subsystem/tty3/power HTTP/2" 200 3232 "https://webdesign.khakzad.com/x-cp-tQ3G7bAf.php?path=//sys/class/tty/tty5/subsystem/tty4/subsystem/tty60/subsystem/tty3" "Mozilla/5.0 AppleWebKit/537.36 (KHTML, like Gecko; compatible; GPTBot/1.3; +https://openai.com/gptbot)"
74.7.227.143 - - [19/May/2026:15:37:44 +0330] "GET /x-cp-tQ3G7bAf.php?path=//sys/class/tty/tty6/subsystem/tty3/subsystem/tty1/subsystem/tty44 HTTP/2" 200 3070 "https://webdesign.khakzad.com/x-cp-tQ3G7bAf.php?path=//sys/class/tty/tty6/subsystem/tty3/subsystem/tty1/subsystem" "Mozilla/5.0 AppleWebKit/537.36 (KHTML, like Gecko; compatible; GPTBot/1.3; +https://openai.com/gptbot)"
74.7.227.143 - - [19/May/2026:15:37:45 +0330] "GET /x-cp-tQ3G7bAf.php?path=//sys/class/tty/tty6/subsystem/tty3/subsystem/tty4/subsystem/tty58 HTTP/2" 200 3067 "https://webdesign.khakzad.com/x-cp-tQ3G7bAf.php?path=//sys/class/tty/tty6/subsystem/tty3/subsystem/tty4/subsystem" "Mozilla/5.0 AppleWebKit/537.36 (KHTML, like Gecko; compatible; GPTBot/1.3; +https://openai.com/gptbot)"
74.7.227.143 - - [19/May/2026:15:37:46 +0330] "GET /x-cp-tQ3G7bAf.php?path=//sys/class/tty/tty5/subsystem/tty2/subsystem/tty9/subsystem/ttyS29 HTTP/2" 200 3546 "https://webdesign.khakzad.com/x-cp-tQ3G7bAf.php?path=//sys/class/tty/tty5/subsystem/tty2/subsystem/tty9/subsystem" "Mozilla/5.0 AppleWebKit/537.36 (KHTML, like Gecko; compatible; GPTBot/1.3; +https://openai.com/gptbot)"
74.7.227.143 - - [19/May/2026:15:37:47 +0330] "GET /x-cp-tQ3G7bAf.php?path=//sys/class/tty/tty6/subsystem/ttyS3/subsystem/tty7/subsystem/tty46 HTTP/2" 200 3078 "https://webdesign.khakzad.com/x-cp-tQ3G7bAf.php?path=//sys/class/tty/tty6/subsystem/ttyS3/subsystem/tty7/subsystem" "Mozilla/5.0 AppleWebKit/537.36 (KHTML, like Gecko; compatible; GPTBot/1.3; +https://openai.com/gptbot)"
74.7.227.143 - - [19/May/2026:15:37:47 +0330] "GET /x-cp-tQ3G7bAf.php?path=//sys/class/tty/ptmx/subsystem/tty57/subsystem/tty3/subsystem/tty18 HTTP/2" 200 3080 "https://webdesign.khakzad.com/x-cp-tQ3G7bAf.php?path=//sys/class/tty/ptmx/subsystem/tty57/subsystem/tty3/subsystem" "Mozilla/5.0 AppleWebKit/537.36 (KHTML, like Gecko; compatible; GPTBot/1.3; +https://openai.com/gptbot)"
74.7.227.143 - - [19/May/2026:15:37:48 +0330] "GET /x-cp-tQ3G7bAf.php?path=//sys/class/tty/tty5/subsystem/tty43/subsystem/tty9/subsystem/ttyS9 HTTP/2" 200 3543 "https://webdesign.khakzad.com/x-cp-tQ3G7bAf.php?path=//sys/class/tty/tty5/subsystem/tty43/subsystem/tty9/subsystem" "Mozilla/5.0 AppleWebKit/537.36 (KHTML, like Gecko; compatible; GPTBot/1.3; +https://openai.com/gptbot)"
74.7.227.143 - - [19/May/2026:15:37:49 +0330] "GET /x-cp-tQ3G7bAf.php?path=//sys/class/tty/tty1/subsystem/tty6/subsystem/tty32/subsystem/tty4 HTTP/2" 200 2989 "https://webdesign.khakzad.com/x-cp-tQ3G7bAf.php?path=//sys/class/tty/tty1/subsystem/tty6/subsystem/tty32/subsystem" "Mozilla/5.0 AppleWebKit/537.36 (KHTML, like Gecko; compatible; GPTBot/1.3; +https://openai.com/gptbot)"
74.7.227.143 - - [19/May/2026:15:37:49 +0330] "GET /x-cp-tQ3G7bAf.php?path=//sys/class/tty/tty2/subsystem/tty/subsystem/tty26/subsystem/ttyS23 HTTP/2" 200 3489 "https://webdesign.khakzad.com/x-cp-tQ3G7bAf.php?path=//sys/class/tty/tty2/subsystem/tty/subsystem/tty26/subsystem" "Mozilla/5.0 AppleWebKit/537.36 (KHTML, like Gecko; compatible; GPTBot/1.3; +https://openai.com/gptbot)"
74.7.227.0 - - [19/May/2026:15:37:46 +0330] "GET /x-cp-tQ3G7bAf.php?path=//sys/class/tty/tty4/subsystem/ptmx/subsystem/tty39/subsystem/tty2 HTTP/2" 200 3060 "https://www.webdesign.khakzad.com/x-cp-tQ3G7bAf.php?path=//sys/class/tty/tty4/subsystem/ptmx/subsystem/tty39/subsystem" "Mozilla/5.0 AppleWebKit/537.36 (KHTML, like Gecko; compatible; GPTBot/1.3; +https://openai.com/gptbot)"
74.7.227.0 - - [19/May/2026:15:37:47 +0330] "GET /x-cp-tQ3G7bAf.php?path=//sys/class/tty/ttyS8/subsystem/tty3/subsystem/ptmx/subsystem/tty20 HTTP/2" 200 3079 "https://www.webdesign.khakzad.com/x-cp-tQ3G7bAf.php?path=//sys/class/tty/ttyS8/subsystem/tty3/subsystem/ptmx/subsystem" "Mozilla/5.0 AppleWebKit/537.36 (KHTML, like Gecko; compatible; GPTBot/1.3; +https://openai.com/gptbot)"
74.7.227.0 - - [19/May/2026:15:37:48 +0330] "GET /x-cp-tQ3G7bAf.php?path=//sys/class/tty/ttyS8/subsystem/tty26/subsystem/tty/subsystem/ttyS2 HTTP/2" 200 3564 "https://www.webdesign.khakzad.com/x-cp-tQ3G7bAf.php?path=//sys/class/tty/ttyS8/subsystem/tty26/subsystem/tty/subsystem" "Mozilla/5.0 AppleWebKit/537.36 (KHTML, like Gecko; compatible; GPTBot/1.3; +https://openai.com/gptbot)"
74.7.227.0 - - [19/May/2026:15:37:48 +0330] "GET /x-cp-tQ3G7bAf.php?path=//sys/class/tty/tty3/subsystem/ptmx/subsystem/tty39/subsystem/tty0 HTTP/2" 200 3099 "https://www.webdesign.khakzad.com/x-cp-tQ3G7bAf.php?path=//sys/class/tty/tty3/subsystem/ptmx/subsystem/tty39/subsystem" "Mozilla/5.0 AppleWebKit/537.36 (KHTML, like Gecko; compatible; GPTBot/1.3; +https://openai.com/gptbot)"
74.7.227.0 - - [19/May/2026:15:37:49 +0330] "GET /x-cp-tQ3G7bAf.php?path=//sys/class/tty/tty4/subsystem/tty54/subsystem/ptmx/subsystem/tty1 HTTP/2" 200 3088 "https://www.webdesign.khakzad.com/x-cp-tQ3G7bAf.php?path=//sys/class/tty/tty4/subsystem/tty54/subsystem/ptmx/subsystem" "Mozilla/5.0 AppleWebKit/537.36 (KHTML, like Gecko; compatible; GPTBot/1.3; +https://openai.com/gptbot)"
74.7.227.0 - - [19/May/2026:15:37:50 +0330] "GET /x-cp-tQ3G7bAf.php?path=//sys/class/tty/tty6/subsystem/ptmx/subsystem/tty22/subsystem/ttyS5 HTTP/2" 200 3552 "https://www.webdesign.khakzad.com/x-cp-tQ3G7bAf.php?path=//sys/class/tty/tty6/subsystem/ptmx/subsystem/tty22/subsystem" "Mozilla/5.0 AppleWebKit/537.36 (KHTML, like Gecko; compatible; GPTBot/1.3; +https://openai.com/gptbot)"
74.7.227.0 - - [19/May/2026:15:37:50 +0330] "GET /x-cp-tQ3G7bAf.php?path=//sys/class/tty/tty0/subsystem/tty12/subsystem/ptmx/subsystem/tty5 HTTP/2" 200 3087 "https://www.webdesign.khakzad.com/x-cp-tQ3G7bAf.php?path=//sys/class/tty/tty0/subsystem/tty12/subsystem/ptmx/subsystem" "Mozilla/5.0 AppleWebKit/537.36 (KHTML, like Gecko; compatible; GPTBot/1.3; +https://openai.com/gptbot)"
74.7.227.0 - - [19/May/2026:15:37:51 +0330] "GET /x-cp-tQ3G7bAf.php?path=//sys/class/tty/tty2/subsystem/ptmx/subsystem/tty31/subsystem/ttyS7 HTTP/2" 200 3552 "https://www.webdesign.khakzad.com/x-cp-tQ3G7bAf.php?path=//sys/class/tty/tty2/subsystem/ptmx/subsystem/tty31/subsystem" "Mozilla/5.0 AppleWebKit/537.36 (KHTML, like Gecko; compatible; GPTBot/1.3; +https://openai.com/gptbot)"
74.7.227.0 - - [19/May/2026:15:37:52 +0330] "GET /x-cp-tQ3G7bAf.php?path=//sys/class/tty/tty6/subsystem/tty/subsystem/tty59/subsystem/tty1 HTTP/2" 200 3047 "https://www.webdesign.khakzad.com/x-cp-tQ3G7bAf.php?path=//sys/class/tty/tty6/subsystem/tty/subsystem/tty59/subsystem" "Mozilla/5.0 AppleWebKit/537.36 (KHTML, like Gecko; compatible; GPTBot/1.3; +https://openai.com/gptbot)"
74.7.227.0 - - [19/May/2026:15:37:53 +0330] "GET /x-cp-tQ3G7bAf.php?path=//sys/class/tty/ttyS8/subsystem/ptmx/subsystem/tty47/subsystem/tty2 HTTP/2" 200 3047 "https://www.webdesign.khakzad.com/x-cp-tQ3G7bAf.php?path=//sys/class/tty/ttyS8/subsystem/ptmx/subsystem/tty47/subsystem" "Mozilla/5.0 AppleWebKit/537.36 (KHTML, like Gecko; compatible; GPTBot/1.3; +https://openai.com/gptbot)"
74.7.227.143 - - [19/May/2026:15:37:50 +0330] "GET /x-cp-tQ3G7bAf.php?path=//sys/class/tty/ttyS6/subsystem/tty3/subsystem/tty8/subsystem/tty22 HTTP/2" 200 3076 "https://webdesign.khakzad.com/x-cp-tQ3G7bAf.php?path=//sys/class/tty/ttyS6/subsystem/tty3/subsystem/tty8/subsystem" "Mozilla/5.0 AppleWebKit/537.36 (KHTML, like Gecko; compatible; GPTBot/1.3; +https://openai.com/gptbot)"
74.7.227.143 - - [19/May/2026:15:37:51 +0330] "GET /x-cp-tQ3G7bAf.php?path=//sys/class/tty/ttyS6/subsystem/tty8/subsystem/tty7/subsystem/tty51 HTTP/2" 200 3076 "https://webdesign.khakzad.com/x-cp-tQ3G7bAf.php?path=//sys/class/tty/ttyS6/subsystem/tty8/subsystem/tty7/subsystem" "Mozilla/5.0 AppleWebKit/537.36 (KHTML, like Gecko; compatible; GPTBot/1.3; +https://openai.com/gptbot)"
74.7.227.143 - - [19/May/2026:15:37:51 +0330] "GET /x-cp-tQ3G7bAf.php?path=//sys/class/tty/ttyS0/subsystem/tty5/subsystem/tty4/subsystem/tty31 HTTP/2" 200 3076 "https://webdesign.khakzad.com/x-cp-tQ3G7bAf.php?path=//sys/class/tty/ttyS0/subsystem/tty5/subsystem/tty4/subsystem" "Mozilla/5.0 AppleWebKit/537.36 (KHTML, like Gecko; compatible; GPTBot/1.3; +https://openai.com/gptbot)"
74.7.227.143 - - [19/May/2026:15:37:52 +0330] "GET /x-cp-tQ3G7bAf.php?path=//sys/class/tty/tty6/subsystem/tty3/subsystem/tty1/subsystem/tty44/power HTTP/2" 200 3235 "https://webdesign.khakzad.com/x-cp-tQ3G7bAf.php?path=//sys/class/tty/tty6/subsystem/tty3/subsystem/tty1/subsystem/tty44" "Mozilla/5.0 AppleWebKit/537.36 (KHTML, like Gecko; compatible; GPTBot/1.3; +https://openai.com/gptbot)"
74.7.227.143 - - [19/May/2026:15:37:53 +0330] "GET /x-cp-tQ3G7bAf.php?path=//sys/class/tty/tty6/subsystem/tty3/subsystem/tty4/subsystem/tty58/power HTTP/2" 200 3142 "https://webdesign.khakzad.com/x-cp-tQ3G7bAf.php?path=//sys/class/tty/tty6/subsystem/tty3/subsystem/tty4/subsystem/tty58" "Mozilla/5.0 AppleWebKit/537.36 (KHTML, like Gecko; compatible; GPTBot/1.3; +https://openai.com/gptbot)"
74.7.227.143 - - [19/May/2026:15:37:54 +0330] "GET /x-cp-tQ3G7bAf.php?fileloc=//sys/class/tty/tty5/subsystem/tty2/subsystem/tty9/subsystem/ttyS29/line&path=//sys/class/tty/tty5/subsystem/tty2/subsystem/tty9/subsystem/ttyS29 HTTP/2" 200 2585 "https://webdesign.khakzad.com/x-cp-tQ3G7bAf.php?path=//sys/class/tty/tty5/subsystem/tty2/subsystem/tty9/subsystem/ttyS29" "Mozilla/5.0 AppleWebKit/537.36 (KHTML, like Gecko; compatible; GPTBot/1.3; +https://openai.com/gptbot)"
74.7.227.143 - - [19/May/2026:15:37:54 +0330] "GET /x-cp-tQ3G7bAf.php?path=//sys/class/tty/tty1/subsystem/tty9/subsystem/tty5/subsystem/ttyS17 HTTP/2" 200 3547 "https://webdesign.khakzad.com/x-cp-tQ3G7bAf.php?path=//sys/class/tty/tty1/subsystem/tty9/subsystem/tty5/subsystem" "Mozilla/5.0 AppleWebKit/537.36 (KHTML, like Gecko; compatible; GPTBot/1.3; +https://openai.com/gptbot)"
74.7.227.143 - - [19/May/2026:15:37:55 +0330] "GET /x-cp-tQ3G7bAf.php?path=//sys/class/tty/tty1/subsystem/tty8/subsystem/ttyS7/subsystem/tty21 HTTP/2" 200 3007 "https://webdesign.khakzad.com/x-cp-tQ3G7bAf.php?path=//sys/class/tty/tty1/subsystem/tty8/subsystem/ttyS7/subsystem" "Mozilla/5.0 AppleWebKit/537.36 (KHTML, like Gecko; compatible; GPTBot/1.3; +https://openai.com/gptbot)"
74.7.227.143 - - [19/May/2026:15:37:56 +0330] "GET /x-cp-tQ3G7bAf.php?fileloc=//sys/class/tty/tty5/subsystem/tty43/subsystem/tty9/subsystem/ttyS9/closing_wait&path=//sys/class/tty/tty5/subsystem/tty43/subsystem/tty9/subsystem/ttyS9 HTTP/2" 200 2586 "https://webdesign.khakzad.com/x-cp-tQ3G7bAf.php?path=//sys/class/tty/tty5/subsystem/tty43/subsystem/tty9/subsystem/ttyS9" "Mozilla/5.0 AppleWebKit/537.36 (KHTML, like Gecko; compatible; GPTBot/1.3; +https://openai.com/gptbot)"
74.7.227.143 - - [19/May/2026:15:37:56 +0330] "GET /x-cp-tQ3G7bAf.php?path=//sys/class/tty/tty1/subsystem/tty6/subsystem/tty32/subsystem/tty4/power HTTP/2" 200 3140 "https://webdesign.khakzad.com/x-cp-tQ3G7bAf.php?path=//sys/class/tty/tty1/subsystem/tty6/subsystem/tty32/subsystem/tty4" "Mozilla/5.0 AppleWebKit/537.36 (KHTML, like Gecko; compatible; GPTBot/1.3; +https://openai.com/gptbot)"
74.7.227.0 - - [19/May/2026:15:37:53 +0330] "GET /x-cp-tQ3G7bAf.php?path=//sys/class/tty/tty2/subsystem/ptmx/subsystem/tty6/subsystem/ttyS12/power HTTP/2" 200 3528 "https://www.webdesign.khakzad.com/x-cp-tQ3G7bAf.php?path=//sys/class/tty/tty2/subsystem/ptmx/subsystem/tty6/subsystem/ttyS12" "Mozilla/5.0 AppleWebKit/537.36 (KHTML, like Gecko; compatible; GPTBot/1.3; +https://openai.com/gptbot)"
74.7.227.0 - - [19/May/2026:15:37:54 +0330] "GET /x-cp-tQ3G7bAf.php?fileloc=//sys/class/tty/tty2/subsystem/ptmx/subsystem/tty6/subsystem/ttyS12/uevent&path=//sys/class/tty/tty2/subsystem/ptmx/subsystem/tty6/subsystem/ttyS12 HTTP/2" 200 2624 "https://www.webdesign.khakzad.com/x-cp-tQ3G7bAf.php?path=//sys/class/tty/tty2/subsystem/ptmx/subsystem/tty6/subsystem/ttyS12" "Mozilla/5.0 AppleWebKit/537.36 (KHTML, like Gecko; compatible; GPTBot/1.3; +https://openai.com/gptbot)"
